620?
0
What is the thousands digit of 10150?
0
What is the units digit of 8412?
2
What is the hundreds digit of 13491?
4
What is the units digit of 1677?
7
What is the tens digit of 7136?
3
What is the hundreds digit of 1519?
5
What is the hundreds digit of 469?
4
What is the ten thousands digit of 58974?
5
What is the tens digit of 32670?
7
What is the tens digit of 31363?
6
What is the thousands digit of 3558?
3
What is the thousands digit of 2171?
2
What is the units digit of 1810?
0
What is the tens digit of 168?
6
What is the hundreds digit of 11961?
9
What is the hundreds digit of 50428?
4
What is the tens digit of 3498?
9
What is the hundreds digit of 1617?
6
What is the tens digit of 667?
6
What is the ten thousands digit of 34122?
3
What is the units digit of 5994?
4
What is the units digit of 23348?
8
What is the units digit of 237?
7
What is the hundreds digit of 559?
5
What is the units digit of 5812?
2
What is the units digit of 24918?
8
What is the tens digit of 41325?
2
What is the tens digit of 26666?
6
What is the thousands digit of 5752?
5
What is the tens digit of 3340?
4
What is the units digit of 91200?
0
What is the hundreds digit of 2410?
4
What is the units digit of 902?
2
What is the hundreds digit of 10717?
7
What is the tens digit of 8002?
0
What is the units digit of 699?
9
What is the tens digit of 2561?
6
What is the units digit of 3242?
2
What is the units digit of 3776?
6
What is the tens digit of 11677?
7
What is the ten thousands digit of 54620?
5
What is the units digit of 287?
7
What is the tens digit of 1580?
8
What is the thousands digit of 1690?
1
What is the tens digit of 966?
6
What is the tens digit of 9783?
8
What is the thousands digit of 19057?
9
What is the units digit of 2729?
9
What is the tens digit of 52016?
1
What is the tens digit of 1029?
2
What is the tens digit of 5029?
2
What is the thousands digit of 1181?
1
What is the units digit of 3953?
3
What is the tens digit of 1663?
6
What is the tens digit of 63559?
5
What is the thousands digit of 4583?
4
What is the hundreds digit of 2077?
0
What is the tens digit of 546?
4
What is the ten thousands digit of 57429?
5
What is the hundred thousands digit of 101078?
1
What is the ten thousands digit of 36580?
3
What is the units digit of 4118?
8
What is the hundreds digit of 19354?
3
What is the tens digit of 1223?
2
What is the thousands digit of 3895?
3
What is the thousands digit of 15205?
5
What is the tens digit of 24842?
4
What is the units digit of 1079?
9
What is the units digit of 27936?
6
What is the tens digit of 19?
1
What is the units digit of 78446?
6
What is the thousands digit of 16233?
6
What is the hundreds digit of 9448?
4
What is the thousands digit of 51407?
1
What is the hundreds digit of 6406?
4
What is the units digit of 712?
2
What is the units digit of 46275?
5
What is the hundreds digit of 74655?
6
What is the hundreds digit of 394?
3
What is the tens digit of 145553?
5
What is the hundreds digit of 1278?
2
What is the tens digit of 638?
3
What is the tens digit of 400?
0
What is the hundreds digit of 135?
1
What is the units digit of 362?
2
What is the tens digit of 49932?
3
What is the thousands digit of 2477?
2
What is the units digit of 825?
5
What is the units digit of 80497?
7
What is the units digit of 17532?
2
What is the hundreds digit of 30948?
9
What is the thousands digit of 8366?
8
What is the tens digit of 42545?
4
What is the hundreds digit of 422?
4
What is the tens digit of 470?
7
What is the units digit of 2241?
1
What is the thousands digit of 6500?
6
What is the thousands digit of 2939?
2
What is the ten thousands digit of 24078?
2
What is the thousands digit of 6110?
6
What is the thousands digit of 1768?
1
What is the ten thousands digit of 18902?
1
What is the units digit of 82?
2
What is the tens digit of 420?
2
What is the thousands digit of 2298?
2
What is the ten thousands digit of 18892?
1
What is the units digit of 13425?
5
What is the ten thousands digit of 77174?
7
What is the tens digit of 3535?
3
What is the tens digit of 2680?
8
What is the thousands digit of 1684?
1
What is the tens digit of 2146?
4
What is the tens digit of 850?
5
What is the hundreds digit of 1274?
2
What is the units digit of 1672?
2
What is the units digit of 393?
3
What is the units digit of 9292?
2
What is the thousands digit of 1176?
1
What is the hundreds digit of 575?
5
What is the hundreds digit of 3546?
5
What is the hundreds digit of 865?
8
What is the hundreds digit of 1865?
8
What is the hundreds digit of 82830?
8
What is the thousands digit of 6428?
6
What is the units digit of 2085?
5
What is the thousands digit of 82748?
2
What is the ten thousands digit of 11609?
1
What is the hundreds digit of 5278?
2
What is the hundreds digit of 938?
9
What is the units digit of 3558?
8
What is the units digit of 3417?
7
What is the units digit of 6539?
9
What is the thousands digit of 54907?
4
What is the units digit of 7929?
9
What is the thousands digit of 2688?
2
What is the thousands digit of 11154?
1
What is the thousands digit of 13142?
3
What is the tens digit of 2578?
7
What is the hundreds digit of 1155?
1
What is the tens digit of 29?
2
What is the tens digit of 992?
9
What is the tens digit of 45249?
4
What is the tens digit of 10407?
0
What is the hundreds digit of 1858?
8
What is the tens digit of 59?
5
What is the units digit of 2466?
6
What is the hundreds digit of 1396?
3
What is the hundreds digit of 173?
1
What is the hundreds digit of 4421?
4
What is the tens digit of 7121?
2
What is the units digit of 33116?
6
What is the tens digit of 1839?
3
What is the tens digit of 7740?
4
What is the units digit of 1360?
0
What is the ten thousands digit of 10564?
1
What is the units digit of 25225?
5
What is the thousands digit of 1063?
1
What is the thousands digit of 10070?
0
What is the hundreds digit of 781?
7
What is the hundreds digit of 420?
4
What is the hundreds digit of 1224?
2
What is the ten thousands digit of 38152?
3
What is the units digit of 21101?
1
What is the thousands digit of 41136?
1
What is the tens digit of 501?
0
What is the thousands digit of 1286?
1
What is the thousands digit of 13443?
3
What is the thousands digit of 31100?
1
What is the units digit of 3689?
9
What is the tens digit of 144?
4
What is the hundreds digit of 3819?
8
What is the tens digit of 132320?
2
What is the thousands digit of 2879?
2
What is the hundreds digit of 953?
9
What is the hundreds digit of 899?
8
What is the ten thousands digit of 39238?
3
What is the hundreds digit of 24836?
8
What is the tens digit of 7338?
3
What is the tens digit of 451?
5
What is the thousands digit of 20857?
0
What is the tens digit of 23579?
7
What is the tens digit of 2091?
9
What is the hundreds digit of 3444?
4
What is the hundreds digit of 6760?
7
What is the hundreds digit of 203?
2
What is the hundreds digit of 2397?
3
What is the thousands digit of 84807?
4
What is the tens digit of 1713?
1
What is the tens digit of 45768?
6
What is the hundreds digit of 23398?
3
What is the thousands digit of 25479?
5
What is the ten thousands digit of 93020?
9
What is the hundreds digit of 7319?
3
What is the hundreds digit of 236?
2
What is the tens digit of 1555?
5
What is the thousands digit of 8895?
8
What is the ten thousands digit of 105921?
0
What is the thousands digit of 77614?
7
What is the units digit of 27692?
2
What is the tens digit of 8454?
5
What is the tens digit of 14427?
2
What is the hundreds digit of 378?
3
What is the hundred thousands digit of 120070?
1
What is the units digit of 4154?
4
What is the units digit of 352?
2
What is the tens digit of 28300?
0
What is the ten thousands digit of 13183?
1
What is the hundreds digit of 38401?
4
What is the thousands digit of 78166?
8
What is the hundreds digit of 3254?
2
What is the thousands digit of 9412?
9
What is the hundreds digit of 39082?
0
What is the hundreds digit of 2169?
1
What is the units digit of 10057?
7
What is the tens digit of 9008?
0
What is the thousands digit of 2443?
2
What is the thousands digit of 2715?
2
What is the tens digit of 2128?
2
What is the tens digit of 655?
5
What is the units digit of 29767?
7
What is the tens digit of 4713?